{"id":1296,"date":"2014-07-29T10:46:33","date_gmt":"2014-07-29T10:46:33","guid":{"rendered":"http:\/\/actitudpro.com\/?page_id=1296"},"modified":"2014-07-29T10:46:33","modified_gmt":"2014-07-29T10:46:33","slug":"comercialitzacio","status":"publish","type":"page","link":"https:\/\/actitudpro.com\/ca\/comercialitzacio\/","title":{"rendered":"Comercialitzaci\u00f3"},"content":{"rendered":"<h2><img decoding=\"async\" class=\"size-full wp-image-232 aligncenter\" alt=\"comercial\" src=\"https:\/\/actitudpro.com\/wp-content\/uploads\/2013\/10\/comercial.png\" width=\"149\" height=\"99\" \/><\/h2>\n<h2>COMERCIALIZACI\u00d3<\/h2>\n<p>&nbsp;<\/p>\n<h3>L&#8217;objectiu d&#8217;ActitudPro en l&#8217;\u00e0mbit de les Vendes \u00e9s ajudar les empreses a impulsar les seves vendes, mitjan\u00e7ant acompanyant a les companyies en la millora dels seus processos comercials i ajudant els equips de venda. Establim, en cada cas, una estrat\u00e8gia a mida.<\/h3>\n<p>Enfortim la capacitat comercial dels nostres clients mitjan\u00e7ant projectes de consultoria en sals effectivenes, programes de formaci\u00f3 a l&#8217;equip comercial, coaching a directius de vendes, plans de desenvolupament i selecci\u00f3 per assegurar la detecci\u00f3 i desenvolupament del talent comercial.<\/p>\n","protected":false},"excerpt":{"rendered":"<p>COMERCIALIZACI\u00d3 &nbsp; L&#8217;objectiu d&#8217;ActitudPro en l&#8217;\u00e0mbit de les Vendes \u00e9s ajudar les empreses a impulsar les seves vendes, mitjan\u00e7ant acompanyant a les companyies en la millora dels seus processos comercials i ajudant els equips de venda. Establim, en cada cas, una estrat\u00e8gia a mida. Enfortim la capacitat comercial dels nostres clients mitjan\u00e7ant projectes de consultoria [&hellip;]<\/p>\n","protected":false},"author":2,"featured_media":0,"parent":0,"menu_order":0,"comment_status":"open","ping_status":"closed","template":"templates\/simple.php","meta":{"_acf_changed":false,"ngg_post_thumbnail":0,"footnotes":""},"class_list":["post-1296","page","type-page","status-publish","hentry"],"acf":[],"yoast_head":"<!-- This site is optimized with the Yoast SEO plugin v25.3.1 - https:\/\/yoast.com\/wordpress\/plugins\/seo\/ -->\n<title>Comercialitzaci\u00f3 - ActitudPro<\/title>\n<meta name=\"robots\" content=\"index, follow, max-snippet:-1, max-image-preview:large, max-video-preview:-1\" \/>\n<link rel=\"canonical\" href=\"https:\/\/actitudpro.com\/ca\/comercialitzacio\/\" \/>\n<meta property=\"og:locale\" content=\"ca_ES\" \/>\n<meta property=\"og:type\" content=\"article\" \/>\n<meta property=\"og:title\" content=\"Comercialitzaci\u00f3 - ActitudPro\" \/>\n<meta property=\"og:description\" content=\"COMERCIALIZACI\u00d3 &nbsp; L&#8217;objectiu d&#8217;ActitudPro en l&#8217;\u00e0mbit de les Vendes \u00e9s ajudar les empreses a impulsar les seves vendes, mitjan\u00e7ant acompanyant a les companyies en la millora dels seus processos comercials i ajudant els equips de venda. Establim, en cada cas, una estrat\u00e8gia a mida. Enfortim la capacitat comercial dels nostres clients mitjan\u00e7ant projectes de consultoria [&hellip;]\" \/>\n<meta property=\"og:url\" content=\"https:\/\/actitudpro.com\/ca\/comercialitzacio\/\" \/>\n<meta property=\"og:site_name\" content=\"ActitudPro\" \/>\n<meta property=\"og:image\" content=\"http:\/\/actitudpro.com\/wp-content\/uploads\/2013\/10\/comercial.png\" \/>\n<script type=\"application\/ld+json\" class=\"yoast-schema-graph\">{\"@context\":\"https:\/\/schema.org\",\"@graph\":[{\"@type\":\"WebPage\",\"@id\":\"https:\/\/actitudpro.com\/ca\/comercialitzacio\/\",\"url\":\"https:\/\/actitudpro.com\/ca\/comercialitzacio\/\",\"name\":\"Comercialitzaci\u00f3 - ActitudPro\",\"isPartOf\":{\"@id\":\"https:\/\/actitudpro.com\/#website\"},\"primaryImageOfPage\":{\"@id\":\"https:\/\/actitudpro.com\/ca\/comercialitzacio\/#primaryimage\"},\"image\":{\"@id\":\"https:\/\/actitudpro.com\/ca\/comercialitzacio\/#primaryimage\"},\"thumbnailUrl\":\"http:\/\/actitudpro.com\/wp-content\/uploads\/2013\/10\/comercial.png\",\"datePublished\":\"2014-07-29T10:46:33+00:00\",\"breadcrumb\":{\"@id\":\"https:\/\/actitudpro.com\/ca\/comercialitzacio\/#breadcrumb\"},\"inLanguage\":\"ca\",\"potentialAction\":[{\"@type\":\"ReadAction\",\"target\":[\"https:\/\/actitudpro.com\/ca\/comercialitzacio\/\"]}]},{\"@type\":\"ImageObject\",\"inLanguage\":\"ca\",\"@id\":\"https:\/\/actitudpro.com\/ca\/comercialitzacio\/#primaryimage\",\"url\":\"http:\/\/actitudpro.com\/wp-content\/uploads\/2013\/10\/comercial.png\",\"contentUrl\":\"http:\/\/actitudpro.com\/wp-content\/uploads\/2013\/10\/comercial.png\"},{\"@type\":\"BreadcrumbList\",\"@id\":\"https:\/\/actitudpro.com\/ca\/comercialitzacio\/#breadcrumb\",\"itemListElement\":[{\"@type\":\"ListItem\",\"position\":1,\"name\":\"Portada\",\"item\":\"https:\/\/actitudpro.com\/ca\/\"},{\"@type\":\"ListItem\",\"position\":2,\"name\":\"Comercialitzaci\u00f3\"}]},{\"@type\":\"WebSite\",\"@id\":\"https:\/\/actitudpro.com\/#website\",\"url\":\"https:\/\/actitudpro.com\/\",\"name\":\"ActitudPro\",\"description\":\"Attitude for growth\",\"publisher\":{\"@id\":\"https:\/\/actitudpro.com\/#organization\"},\"potentialAction\":[{\"@type\":\"SearchAction\",\"target\":{\"@type\":\"EntryPoint\",\"urlTemplate\":\"https:\/\/actitudpro.com\/?s={search_term_string}\"},\"query-input\":{\"@type\":\"PropertyValueSpecification\",\"valueRequired\":true,\"valueName\":\"search_term_string\"}}],\"inLanguage\":\"ca\"},{\"@type\":\"Organization\",\"@id\":\"https:\/\/actitudpro.com\/#organization\",\"name\":\"ActitudPro\",\"url\":\"https:\/\/actitudpro.com\/\",\"logo\":{\"@type\":\"ImageObject\",\"inLanguage\":\"ca\",\"@id\":\"https:\/\/actitudpro.com\/#\/schema\/logo\/image\/\",\"url\":\"http:\/\/actitudpro.com\/wp-content\/uploads\/2017\/07\/logo.jpg\",\"contentUrl\":\"http:\/\/actitudpro.com\/wp-content\/uploads\/2017\/07\/logo.jpg\",\"width\":307,\"height\":70,\"caption\":\"ActitudPro\"},\"image\":{\"@id\":\"https:\/\/actitudpro.com\/#\/schema\/logo\/image\/\"}}]}<\/script>\n<!-- \/ Yoast SEO plugin. -->","yoast_head_json":{"title":"Comercialitzaci\u00f3 - ActitudPro","robots":{"index":"index","follow":"follow","max-snippet":"max-snippet:-1","max-image-preview":"max-image-preview:large","max-video-preview":"max-video-preview:-1"},"canonical":"https:\/\/actitudpro.com\/ca\/comercialitzacio\/","og_locale":"ca_ES","og_type":"article","og_title":"Comercialitzaci\u00f3 - ActitudPro","og_description":"COMERCIALIZACI\u00d3 &nbsp; L&#8217;objectiu d&#8217;ActitudPro en l&#8217;\u00e0mbit de les Vendes \u00e9s ajudar les empreses a impulsar les seves vendes, mitjan\u00e7ant acompanyant a les companyies en la millora dels seus processos comercials i ajudant els equips de venda. Establim, en cada cas, una estrat\u00e8gia a mida. Enfortim la capacitat comercial dels nostres clients mitjan\u00e7ant projectes de consultoria [&hellip;]","og_url":"https:\/\/actitudpro.com\/ca\/comercialitzacio\/","og_site_name":"ActitudPro","og_image":[{"url":"http:\/\/actitudpro.com\/wp-content\/uploads\/2013\/10\/comercial.png","type":"","width":"","height":""}],"schema":{"@context":"https:\/\/schema.org","@graph":[{"@type":"WebPage","@id":"https:\/\/actitudpro.com\/ca\/comercialitzacio\/","url":"https:\/\/actitudpro.com\/ca\/comercialitzacio\/","name":"Comercialitzaci\u00f3 - ActitudPro","isPartOf":{"@id":"https:\/\/actitudpro.com\/#website"},"primaryImageOfPage":{"@id":"https:\/\/actitudpro.com\/ca\/comercialitzacio\/#primaryimage"},"image":{"@id":"https:\/\/actitudpro.com\/ca\/comercialitzacio\/#primaryimage"},"thumbnailUrl":"http:\/\/actitudpro.com\/wp-content\/uploads\/2013\/10\/comercial.png","datePublished":"2014-07-29T10:46:33+00:00","breadcrumb":{"@id":"https:\/\/actitudpro.com\/ca\/comercialitzacio\/#breadcrumb"},"inLanguage":"ca","potentialAction":[{"@type":"ReadAction","target":["https:\/\/actitudpro.com\/ca\/comercialitzacio\/"]}]},{"@type":"ImageObject","inLanguage":"ca","@id":"https:\/\/actitudpro.com\/ca\/comercialitzacio\/#primaryimage","url":"http:\/\/actitudpro.com\/wp-content\/uploads\/2013\/10\/comercial.png","contentUrl":"http:\/\/actitudpro.com\/wp-content\/uploads\/2013\/10\/comercial.png"},{"@type":"BreadcrumbList","@id":"https:\/\/actitudpro.com\/ca\/comercialitzacio\/#breadcrumb","itemListElement":[{"@type":"ListItem","position":1,"name":"Portada","item":"https:\/\/actitudpro.com\/ca\/"},{"@type":"ListItem","position":2,"name":"Comercialitzaci\u00f3"}]},{"@type":"WebSite","@id":"https:\/\/actitudpro.com\/#website","url":"https:\/\/actitudpro.com\/","name":"ActitudPro","description":"Attitude for growth","publisher":{"@id":"https:\/\/actitudpro.com\/#organization"},"potentialAction":[{"@type":"SearchAction","target":{"@type":"EntryPoint","urlTemplate":"https:\/\/actitudpro.com\/?s={search_term_string}"},"query-input":{"@type":"PropertyValueSpecification","valueRequired":true,"valueName":"search_term_string"}}],"inLanguage":"ca"},{"@type":"Organization","@id":"https:\/\/actitudpro.com\/#organization","name":"ActitudPro","url":"https:\/\/actitudpro.com\/","logo":{"@type":"ImageObject","inLanguage":"ca","@id":"https:\/\/actitudpro.com\/#\/schema\/logo\/image\/","url":"http:\/\/actitudpro.com\/wp-content\/uploads\/2017\/07\/logo.jpg","contentUrl":"http:\/\/actitudpro.com\/wp-content\/uploads\/2017\/07\/logo.jpg","width":307,"height":70,"caption":"ActitudPro"},"image":{"@id":"https:\/\/actitudpro.com\/#\/schema\/logo\/image\/"}}]}},"_links":{"self":[{"href":"https:\/\/actitudpro.com\/ca\/wp-json\/wp\/v2\/pages\/1296","targetHints":{"allow":["GET"]}}],"collection":[{"href":"https:\/\/actitudpro.com\/ca\/wp-json\/wp\/v2\/pages"}],"about":[{"href":"https:\/\/actitudpro.com\/ca\/wp-json\/wp\/v2\/types\/page"}],"author":[{"embeddable":true,"href":"https:\/\/actitudpro.com\/ca\/wp-json\/wp\/v2\/users\/2"}],"replies":[{"embeddable":true,"href":"https:\/\/actitudpro.com\/ca\/wp-json\/wp\/v2\/comments?post=1296"}],"version-history":[{"count":1,"href":"https:\/\/actitudpro.com\/ca\/wp-json\/wp\/v2\/pages\/1296\/revisions"}],"predecessor-version":[{"id":1297,"href":"https:\/\/actitudpro.com\/ca\/wp-json\/wp\/v2\/pages\/1296\/revisions\/1297"}],"wp:attachment":[{"href":"https:\/\/actitudpro.com\/ca\/wp-json\/wp\/v2\/media?parent=1296"}],"curies":[{"name":"wp","href":"https:\/\/api.w.org\/{rel}","templated":true}]}}

Comercialització

<h2><img decoding="async" class="size-full wp-image-232 aligncenter" alt="comercial" src="https://actitudpro.com/wp-content/uploads/2013/10/comercial.png" width="149" height="99" /></h2>
<h2>COMERCIALIZACIÓ</h2>
<p>&nbsp;</p>
<h3>L&#8217;objectiu d&#8217;ActitudPro en l&#8217;àmbit de les Vendes és ajudar les empreses a impulsar les seves vendes, mitjançant acompanyant a les companyies en la millora dels seus processos comercials i ajudant els equips de venda. Establim, en cada cas, una estratègia a mida.</h3>
<p>Enfortim la capacitat comercial dels nostres clients mitjançant projectes de consultoria en sals effectivenes, programes de formació a l&#8217;equip comercial, coaching a directius de vendes, plans de desenvolupament i selecció per assegurar la detecció i desenvolupament del talent comercial.</p>

<p>COMERCIALIZACIÓ &nbsp; L&#8217;objectiu d&#8217;ActitudPro en l&#8217;àmbit de les Vendes és ajudar les empreses a impulsar les seves vendes, mitjançant acompanyant a les companyies en la millora dels seus processos comercials i ajudant els equips de venda. Establim, en cada cas, una estratègia a mida. Enfortim la capacitat comercial dels nostres clients mitjançant projectes de consultoria [&hellip;]</p>

<!-- This site is optimized with the Yoast SEO plugin v25.3.1 - https://yoast.com/wordpress/plugins/seo/ -->
<title>Comercialització - ActitudPro</title>
<meta name="robots" content="index, follow, max-snippet:-1, max-image-preview:large, max-video-preview:-1" />
<link rel="canonical" href="https://actitudpro.com/ca/comercialitzacio/" />
<meta property="og:locale" content="ca_ES" />
<meta property="og:type" content="article" />
<meta property="og:title" content="Comercialització - ActitudPro" />
<meta property="og:description" content="COMERCIALIZACIÓ &nbsp; L&#8217;objectiu d&#8217;ActitudPro en l&#8217;àmbit de les Vendes és ajudar les empreses a impulsar les seves vendes, mitjançant acompanyant a les companyies en la millora dels seus processos comercials i ajudant els equips de venda. Establim, en cada cas, una estratègia a mida. Enfortim la capacitat comercial dels nostres clients mitjançant projectes de consultoria [&hellip;]" />
<meta property="og:url" content="https://actitudpro.com/ca/comercialitzacio/" />
<meta property="og:site_name" content="ActitudPro" />
<meta property="og:image" content="http://actitudpro.com/wp-content/uploads/2013/10/comercial.png" />
<script type="application/ld+json" class="yoast-schema-graph">{"@context":"https://schema.org","@graph":[{"@type":"WebPage","@id":"https://actitudpro.com/ca/comercialitzacio/","url":"https://actitudpro.com/ca/comercialitzacio/","name":"Comercialització - ActitudPro","isPartOf":{"@id":"https://actitudpro.com/#website"},"primaryImageOfPage":{"@id":"https://actitudpro.com/ca/comercialitzacio/#primaryimage"},"image":{"@id":"https://actitudpro.com/ca/comercialitzacio/#primaryimage"},"thumbnailUrl":"http://actitudpro.com/wp-content/uploads/2013/10/comercial.png","datePublished":"2014-07-29T10:46:33+00:00","breadcrumb":{"@id":"https://actitudpro.com/ca/comercialitzacio/#breadcrumb"},"inLanguage":"ca","potentialAction":[{"@type":"ReadAction","target":["https://actitudpro.com/ca/comercialitzacio/"]}]},{"@type":"ImageObject","inLanguage":"ca","@id":"https://actitudpro.com/ca/comercialitzacio/#primaryimage","url":"http://actitudpro.com/wp-content/uploads/2013/10/comercial.png","contentUrl":"http://actitudpro.com/wp-content/uploads/2013/10/comercial.png"},{"@type":"BreadcrumbList","@id":"https://actitudpro.com/ca/comercialitzacio/#breadcrumb","itemListElement":[{"@type":"ListItem","position":1,"name":"Portada","item":"https://actitudpro.com/ca/"},{"@type":"ListItem","position":2,"name":"Comercialització"}]},{"@type":"WebSite","@id":"https://actitudpro.com/#website","url":"https://actitudpro.com/","name":"ActitudPro","description":"Attitude for growth","publisher":{"@id":"https://actitudpro.com/#organization"},"potentialAction":[{"@type":"SearchAction","target":{"@type":"EntryPoint","urlTemplate":"https://actitudpro.com/?s={search_term_string}"},"query-input":{"@type":"PropertyValueSpecification","valueRequired":true,"valueName":"search_term_string"}}],"inLanguage":"ca"},{"@type":"Organization","@id":"https://actitudpro.com/#organization","name":"ActitudPro","url":"https://actitudpro.com/","logo":{"@type":"ImageObject","inLanguage":"ca","@id":"https://actitudpro.com/#/schema/logo/image/","url":"http://actitudpro.com/wp-content/uploads/2017/07/logo.jpg","contentUrl":"http://actitudpro.com/wp-content/uploads/2017/07/logo.jpg","width":307,"height":70,"caption":"ActitudPro"},"image":{"@id":"https://actitudpro.com/#/schema/logo/image/"}}]}</script>
<!-- / Yoast SEO plugin. -->

Comercialització - ActitudPro

COMERCIALIZACIÓ &nbsp; L&#8217;objectiu d&#8217;ActitudPro en l&#8217;àmbit de les Vendes és ajudar les empreses a impulsar les seves vendes, mitjançant acompanyant a les companyies en la millora dels seus processos comercials i ajudant els equips de venda. Establim, en cada cas, una estratègia a mida. Enfortim la capacitat comercial dels nostres clients mitjançant projectes de consultoria [&hellip;]
